to base 13
b77
Convert -303023 (base 4) to base 12.
-1a8b
What is 194 (base 15) in base 13?
220
-2376 (base 11) to base 14
-11c0
-3cb9 (base 13) to base 10
-8771
Convert -152 (base 13) to base 8.
-354
Convert 11100110010 (base 2) to base 16.
732
Convert -1355 (base 9) to base 10.
-1022
Convert -8c14 (base 15) to base 14.
-ab8b
Convert 117c (base 15) to base 12.
2199
-7917 (base 10) to base 7
-32040
Convert -15053 (base 6) to base 3.
-10022020
What is -1b844 (base 12) in base 13?
-1583b
Convert 3313 (base 6) to base 5.
11030
Convert 2535 (base 6) to base 15.
2c5
-79b (base 16) to base 8
-3633
What is 3106 (base 12) in base 7?
21360
What is 11001001001 (base 2) in base 9?
2177
-201110 (base 3) to base 7
-1350
What is -497 (base 10) in base 7?
-1310
What is 603 (base 9) in base 8?
751
Convert 104341 (base 8) to base 5.
2110131
Convert 1543 (base 14) to base 2.
111011000111
What is -58d (base 15) in base 7?
-3445
-16213 (base 9) to base 10
-11109
Convert 2126 (base 10) to base 14.
abc
What is 99ad (base 15) in base 4?
13330303
What is -3cc (base 14) in base 8?
-1400
What is 1 (base 15) in base 4?
1
-111010100100110 (base 2) to base 13
-1085c
What is 100200220 (base 3) in base 5?
211241
-115b (base 15) to base 13
-18a7
What is -1483 (base 15) in base 16?
-112e
What is 1000010011 (base 2) in base 13?
31b
-aa7 (base 14) to base 10
-2107
What is -1002000112 (base 3) in base 8?
-51243
Convert -14c (base 16) to base 9.
-408
Convert 443 (base 14) to base 13.
4cb
What is -47c (base 13) in base 3?
-1001212
-43122 (base 8) to base 10
-18002
What is 101101111010 (base 2) in base 16?
b7a
-112352 (base 6) to base 15
-2cce
What is -1608 (base 9) in base 3?
-1200022
What is -16634 (base 8) in base 14?
-2a96
What is -4585 (base 9) in base 12?
-1b72
What is -4401 (base 16) in base 11?
-12097
What is 13331110 (base 4) in base 5?
2020341
Convert -3806 (base 12) to base 11.
-4846
-2704 (base 11) to base 16
-db9
Convert -112022 (base 3) to base 9.
-468
What is 14238 (base 9) in base 14?
3750
What is -b17 (base 13) in base 15?
-854
Convert 1000100001 (base 2) to base 3.
202012
400121 (base 6) to base 2
111100110110001
-3980 (base 11) to base 15
-17ea
1101111110 (base 2) to base 11
743
Convert 52655 (base 9) to base 6.
425035
-111101 (base 2) to base 13
-49
Convert -504 (base 16) to base 14.
-67a
What is 2041 (base 7) in base 11?
5a0
4110 (base 8) to base 16
848
-17547 (base 14) to base 4
-32110223
What is -21097 (base 10) in base 4?
-11021221
759 (base 11) to base 10
911
-5520 (base 8) to base 3
-10222021
What is -1b39 (base 15) in base 7?
-23133
-14461 (base 8) to base 7
-24542
What is 563 (base 7) in base 14?
16a
222210022 (base 3) to base 2
100110001001001
Convert 224 (base 13) to base 14.
1c4
Convert 120023 (base 8) to base 16.
a013
What is 898 (base 10) in base 5?
12043
3593 (base 14) to base 8
22175
What is 6997 (base 13) in base 9?
22304
Convert -6fed (base 16) to base 10.
-28653
What is 473 (base 12) in base 14?
355
What is -32420 (base 7) in base 10?
-8099
What is 156 (base 9) in base 13?
a2
Convert 12001 (base 5) to base 2.
1101101100
Convert 101001220 (base 3) to base 8.
16255
-10311020 (base 4) to base 15
-5cde
Convert -7021 (base 10) to base 16.
-1b6d
What is -4a1 (base 14) in base 4?
-32131
What is 2cd0 (base 15) in base 9?
14206
Convert -101010 (base 4) to base 15.
-4cc
What is -5e33 (base 15) in base 12?
-b749
Convert 23003011 (base 4) to base 9.
68061
Convert -221 (base 16) to base 11.
-456
What is 111110110 (base 2) in base 3?
200121
Convert -16165 (base 9) to base 3.
-120012012
Convert -1446 (base 13) to base 9.
-4016
What is -2200 (base 6) in base 3?
-200200
Convert -116b (base 14) to base 3.
-11011102
Convert 48b6 (base 12) to base 9.
12223
Convert 2620 (base 10) to base 16.
a3c
-3238 (base 12) to base 5
-134031
What is -1191 (base 15) in base 16?
-e98
Convert 8385 (base 9) to base 3.
22102212
What is 13496 (base 12) in base 10?
26610
Convert be6 (base 16) to base 6.
22034
What is -442 (base 9) in base 10?
-362
What is -108307 (base 9) in base 7?
-360613
-1001100001 (base 2) to base 12
-429
What is 360 (base 12) in base 13?
2ca
14e2 (base 16) to base 14
1d3c
-31333 (base 5) to base 14
-a97
153205 (base 7) to base 12
153b4
What is -20223 (base 4) in base 13?
-339
-1312 (base 8) to base 3
-222110
312232 (base 4) to base 11
26a4
Convert 130 (base 7) to base 13.
55
What is -2a3b (base 16) in base 7?
-43343
What is 3658 (base 12) in base 15?
1c2b
Convert -322240 (base 5) to base 14.
-3dbb
What is 222 (base 4) in base 8?
52
a77b (base 13) to base 12
1155b
7c7b (base 14) to base 9
32646
97a (base 13) to base 9
2202
What is 116 (base 15) in base 13?
15c
What is -1101100111111 (base 2) in base 10?
-6975
Convert 15844 (base 15) to base 11.
48129
Convert 17d1 (base 16) to base 4.
1133101
1627 (base 15) to base 10
4762
-12030121 (base 4) to base 16
-6319
What is 984 (base 11) in base 13?
6cb
What is 21013 (base 4) in base 14?
2d9
-1201300 (base 4) to base 15
-1cc1
What is -231 (base 15) in base 9?
-611
Convert -120 (base 8) to base 2.
-1010000
Convert -772 (base 8) to base 3.
-200202
-1204 (base 9) to base 14
-47d
What is 4215 (base 7) in base 2?
10111001010
Convert -2512 (base 7) to base 13.
-574
Convert -1451 (base 7) to base 14.
-2d1
17804 (base 11) to base 5
1244210
Convert -230ab (base 12) to base 10.
-46787
Convert 176b (base 15) to base 13.
23b7
What is 2e6 (base 15) in base 16?
29a
Convert 2513 (base 6) to base 9.
760
What is 1411333 (base 5) in base 6?
342040
Convert -202003 (base 5) to base 6.
-50035
What is 111110001110100 (base 2) in base 13?
1166a
3547 (base 15) to base 4
2300311
Convert 4468 (base 16) to base 7.
102025
-10011111101001 (base 2) to base 15
-3062
What is 170 (base 12) in base 6?
1020
What is 202043 (base 5) in base 10?
6523
What is -2000302 (base 4) in base 10?
-8242
Convert -1022110022 (base 3) to base 2.
-110010011110111
Convert 19a (base 16) to base 13.
257
af (base 16) to base 8
257
754 (base 10) to base 4
23302
What is -2259 (base 10) in base 2?
-100011010011
What is 3023302 (base 4) in base 6?
140214
Convert -46576 (base 8) to base 14.
-7330
What is 1010222 (base 3) in base 12?
598
Convert -e38 (base 16) to base 6.
-24504
What is 1010100 (base 5) in base 14?
5d07
Convert -19a2 (base 12) to base 7.
-12113
Convert -4545 (base 9) to base 12.
-1b42
-384c (base 13) to base 3
-101222120
What is -111211 (base 4) in base 6?
-10221
-40223 (base 5) to base 12
-1597
261 (base 13) to base 8
641
What is 1000312 (base 4) in base 6?
31114
Convert -22001111 (base 4) to base 6.
-514005
Convert -30310 (base 5) to base 10.
-1955
What is 242001 (base 5) in base 13?
4135
221a (base 15) to base 5
212400
What is -174 (base 15) in base 8?
-516
34241 (base 5) to base 16
98e
Convert 4450 (base 8) to base 4.
210220
What is -1101011 (base 2) in base 8?
-153
-144412 (base 5) to base 11
-4756
Convert 2153 (base 11) to base 3.
10220020
Convert 424400 (base 6) to base 10.
34704
What is -512 (base 10) in base 14?
-288
What is -1100011110 (base 2) in base 12?
-566
Convert 44210 (base 7) to base 3.
120012102
Convert 15463 (base 7) to base 6.
32101
What is 1010002022 (base 3) in base 15?
6772
-23120102 (base 4) to base 13
-182a5
-221263 (base 7) to base 11
-27256
1011010100001010 (base 2) to base 13
18131
Convert 1641 (base 8) to base 7.
2465
Convert 15361 (base 11) to base 2.
101010011011110
Convert 1774 (base 15) to base 3.
20221101
What is -17572 (base 13) in base 8?
-127516
What is -3004 (base 13) in base 16?
-19c3
Convert 374 (base 16) to base 6.
4032
-1122 (base 6) to base 15
-12b
Convert 1762 (base 14) to base 6.
31242
3a (base 12) to base 14
34
-12892 (base 12) to base 4
-12031232
What is -315025 (base 6) in base 4?
-12101321
14a (base 12) to base 6
534
Convert -2bb8 (base 14) to base 11.
-5957
2661 (base 10) to base 8
5145
What is -2243243 (base 5) in base 3?
-2001111002
5a4 (base 13) to base 16
3d3
1110001010110 (base 2) to base 10
7254
What is 11111000101010 (base 2) in base 13?
7322
-13232002 (base 4) to base 8
-75602
Convert -1188 (base 9) to base 3.
-1012222
Convert -1584 (base 9) to base 15.
-55a
-21200 (base 4) to base 5
-4413
28b (base 13) to base 3
121210
Convert -28aa (base 11) to base 15.
-11a0
What is 406 (base 10) in base 15?
1c1
Conve